he prime factors of k.
2, 11
Suppose -6970 = -2*d - 2312. Suppose 11*u - d = 13126. What are the prime factors of u?
5, 281
Let s = -3242 + 6224. List the prime factors of s.
2, 3, 7, 71
Suppose 17*w + 30*w = 88595. What are the prime factors of w?
5, 13, 29
Let b(n) = 214*n**2 - 42*n + 30. List the prime factors of b(6).
2, 3, 29, 43
Let m = 2211 + 2158. What are the prime factors of m?
17, 257
Suppose -2*t + 3*v = -799, -2*v - 24 = t - 413. Suppose -1590 = -4*h - 2*s, h - s - s - t = 0. What are the prime factors of h?
397
Suppose 4*a = 3*y - 116, 5*y - 309 = 4*a - 105. Let g(n) = -n - 2. Let f be g(-6). Suppose f*l + 7*l = y. What are the prime factors of l?
2
Suppose 3*h + r - 23476 = 0, -3*h - 2*r + 3*r = -23474. List the prime factors of h.
5, 313
Suppose -1485*w + 229044 = -2967*w + 1488*w. What are the prime factors of w?
2, 19087
Let z(p) = 44*p**2 + 5*p - 5. Let x(m) = -88*m**2 - 9*m + 8. Let g(v) = -3*x(v) - 5*z(v). List the prime factors of g(-3).
17, 23
Let v = 8156 + 3397. List the prime factors of v.
3, 3851
Suppose -8*i + 3385 = 433. List the prime factors of i.
3, 41
Suppose -a + 496 = 300. Suppose 4*n + 4*c = 1348, 0 = -n - 2*c - a + 536. What are the prime factors of n?
2, 167
Let c(m) = -m**3 - 13*m**2 - 12*m + 3. Let t be c(-12). Suppose -4*n + 56 = -4*x, -9 = -t*n + 3. Let a = -3 - x. List the prime factors of a.
7
Suppose 0 = 126*x + 88*x - 4635240. List the prime factors of x.
2, 3, 5, 19
Let r = 4433 + 1115. What are the prime factors of r?
2, 19, 73
Let q = 96 - 99. What are the prime factors of (5/(-35) + 1)*(-714)/q?
2, 3, 17
Suppose -4*j = -5*j + 8*j. Suppose -4*p + 5*l = 3*l - 824, -3*p - 5*l + 644 = j. What are the prime factors of p?
2, 13
Let q be (8/(-8) + -7)/(-4). Suppose -2*z + 1680 = q*f, -1665 = 5*z - 7*z + f. List the prime factors of z.
5, 167
Let u(k) be the second derivative of 4*k**3/3 - k**2/2 - 30*k. Let b be u(1). Suppose b*p = p + 504. List the prime factors of p.
2, 3, 7
What are the prime factors of (5/(-30)*-3039)/((-62)/(-1116))?
3, 1013
Let z be (-38)/(-6) + 24/36. Let t(l) = 21*l**2 - 59*l - 10. What are the prime factors of t(z)?
2, 3, 101
Let d be (-4)/16 + (12/(-16) - -2). Let x(o) = 267*o**3 - 4*o**2 + 4*o - 2. What are the prime factors of x(d)?
5, 53
Let d = -40664 - -71646. What are the prime factors of d?
2, 7, 2213
What are the prime factors of (9/6)/((-3)/(-7600))?
2, 5, 19
Suppose -5*i = 3*v + 65, -16 + 1 = -3*i. Let a = 347 - 349. List the prime factors of 3/a + 3/(v/(-415)).
2, 5
Let i(d) = 68401*d + 2503. List the prime factors of i(1).
2, 8863
Let r = 4214 + 2416. List the prime factors of r.
2, 3, 5, 13, 17
Let p(d) = -d**3 - 55*d**2 - 56*d + 787. List the prime factors of p(-67).
3, 19469
Suppose -123*z + 50085 = 2*q - 126*z, -5*q + 125139 = 3*z. List the prime factors of q.
2, 3, 7, 149
Suppose 284 + 4 = 16*d. Suppose d*n - 4451 + 167 = 0. What are the prime factors of n?
2, 7, 17
Let m be 1/4 - (-2)/(64/(-44392)). Let x = m + 2660. What are the prime factors of x?
19, 67
Let t = 1 - -1. Let p(h) = 8 + 66 + 73 + h**3 - h**t - 44. What are the prime factors of p(0)?
103
Suppose -212*v + h - 14389 = -214*v, -2*h - 14404 = -2*v. List the prime factors of v.
3, 2399
Let k = 59802 - 34754. What are the prime factors of k?
2, 31, 101
Let i be (8 - 0/(-3))*21. Let b = i - -419. What are the prime factors of b?
587
What are the prime factors of (-4)/5*(26429627/(-2926) + (-2)/(-11))?
2, 3613
Suppose 5*h + 15 = 2*n, 5*n - 17 = -5*h + 3. Suppose -b = 5*z - 120, 2*z + n*b - 53 = -5. List the prime factors of (-1595)/(-6) + 4/z.
2, 7, 19
Let a = 540 + -537. What are the prime factors of (-60)/(a*10/(-255))?
2, 3, 5, 17
Let b(y) = -13*y - 20 + 12 - 7 - 58. What are the prime factors of b(-11)?
2, 5, 7
Let m be 136 + (2 - 3/(-3)) - 3. Let t = m - -147. List the prime factors of t/3 + 12/18.
5, 19
What are the prime factors of (-10 + (-50)/(-6))/(1/(-3201))?
5, 11, 97
Let c be (198/(-30) - -3)/(2/10). What are the prime factors of 253*3*(-6)/c?
11, 23
Suppose 23*c - 5839 = -1262. Let r = 343 + c. List the prime factors of r.
2, 271
Let j = 31 + -15. Suppose -2*q + j = 2*q. Suppose q*i - 4 = 16. List the prime factors of i.
5
Let b = -213 + 216. What are the prime factors of 37/(-74)*(-1794)/(b + -2)?
3, 13, 23
Let n(r) = 7 + 3 - 23 + r + 10. Let o be n(7). Suppose -o*f + 244 = 12. What are the prime factors of f?
2, 29
What are the prime factors of 3411912/102 + -4 - (-70)/(-595)?
2, 7, 2389
Suppose 12 = -37*z + 38*z. Suppose -z*y = -13*y + 73. Let s = y + 66. List the prime factors of s.
139
Suppose -8*f + 29 = 53. What are the prime factors of 543/3 + -1*(-15)/f?
2, 11
Let v = 196 + -186. What are the prime factors of 221 + (15/v)/(9/(-6))?
2, 5, 11
Let c = 33909 - 8137. What are the prime factors of c?
2, 17, 379
Suppose -118*u + 835978 = u - 672466. List the prime factors of u.
2, 3169
Let n(m) = 28*m**2 - 3*m - 3. Let v(d) = -6*d - 34. Let z be v(-6). What are the prime factors of n(z)?
103
Let c = -619 + 612. What are the prime factors of c - -13 - (1 - 1334)?
13, 103
Let i = 26964 + -11115. What are the prime factors of i?
3, 587
Let m(k) = 44*k**2 + 146*k + 330. What are the prime factors of m(-20)?
2, 5, 19, 79
Let v(c) = -8*c - 38. Let y be v(-7). Suppose 14*n + 2348 = y*n. Suppose 4*w - 45 = n. What are the prime factors of w?
2, 79
Suppose 420 = -v + 3*v - 3*c, -5*v - 3*c + 1029 = 0. Let f = v - 96. Let a = 225 - f. List the prime factors of a.
2, 3, 19
Let l(w) = 191*w - 3133. List the prime factors of l(87).
2, 3371
Suppose -z - 1 + 0 = -5*a, 5*z + 5*a = 55. Suppose 1417 + 1319 = z*t. List the prime factors of t.
2, 19
Suppose 0 = c + 4*r - 1559, -2*c = -2*r - r - 3162. Suppose -6*g + c = 171. What are the prime factors of g?
2, 3, 13
Suppose 264 - 7616 = -32*s + 552. List the prime factors of s.
13, 19
Let g be (-1 + -7)/(-4) + 4988. Suppose 0 = 5*v - 4*u + 394 - 5384, -2*u + g = 5*v. List the prime factors of v.
2, 499
Suppose -104*m + 12 = -101*m. Suppose -5*t + 11 = -4. Suppose m*v - h = 220, v - t*h = 2*v - 68. List the prime factors of v.
2, 7
What are the prime factors of (-2)/(495963/(-49595) - -10)?
2, 5, 7, 109
Let d(i) = 15*i**2 - 15*i - 21. Let f be d(-5). Let x = f - 231. What are the prime factors of x?
2, 3, 11
Let x = -145 + 125. Let n(b) be the second derivative of -3*b**3/2 - 61*b**2/2 + 11*b. List the prime factors of n(x).
7, 17
Let t(o) = -150*o + 50. Let i be t(-5). What are the prime factors of (i/12)/((-8)/(-24))?
2, 5
Suppose -5*s + 5*r = -4085, 3*s = 3*r - 6*r + 2475. Let y = -424 + s. List the prime factors of y.
397
Let q(t) = -t**3 - 12*t**2 + 9*t - 10. Let a = -10 - 1. Let i be q(a). Let o = -92 - i. List the prime factors of o.
2, 3, 23
Let w(k) = 4571*k - 202. What are the prime factors of w(4)?
2, 9041
Let b be (-646)/14 - 14/(-98). List the prime factors of (12/(-12))/(-1 - b/47).
47
Let n be -1 + ((-4)/10 - (-2)/5). Let g be 9/(-18) - n/((-6)/(-471)). Suppose -14*z + 11*z + g = 0. List the prime factors of z.
2, 13
Let c = 2552 - -1404. What are the prime factors of c?
2, 23, 43
Suppose -1 = 2*x - 7. Let h = 5259 - 4342. Suppose 0 = 10*z - x*z - h. List the prime factors of z.
131
Suppose 22*n - 61255 = -3863 + 199128. What are the prime factors of n?
2, 5, 11, 53
Let b(o) = 67*o - 158. Let t(u) = -34*u + 79. Let c(h) = 3*b(h) + 5*t(h). What are the prime factors of c(10)?
3, 7, 11
Let d(y) = -y**3 - 8*y**2 - 7*y. Let q be d(-7). Suppose l - 11*l + 2760 = q. Suppose -l - 18 = -6*k. List the prime factors of k.
7
Suppose 4*r - 3*h - 89146 = 0, 2*r = -3*h + 21492 + 23072. What are the prime factors of r?
5, 4457
Let q(n) be the third derivative of n**5/12 - 31*n**4/24 - 5*n**3/2 + 24*n**2. Let b(a) be the first derivative of q(a). What are the prime factors of b(13)?
3, 11
Let b(q) = -q**2 + 9*q - 361. Let n be b(0). Let i = -117 - n. What are the prime factors of i?
2, 61
Let x be (5 - 0 - 0)/((-7)/(-350)). Let g = x - 373. Let s = g + 172. What are the prime factors of s?
7
Let o(z) = 8*z**2 + 96*z - 367. What are the prime factors of o(24)?
5, 7, 11, 17
Suppose 27*d + 122671 - 647682 = 357268. What are the prime factors of d?
41, 797
Suppose 0 = -78*l + 80*l + 18. What are the prime factors of l/(-12) + ((-291)/(-12) - -1)?
2, 13
Let